it of 1612446?
2
What is the hundreds digit of 15697146?
1
What is the ten thousands digit of 10859158?
5
What is the tens digit of 112526?
2
What is the hundred thousands digit of 192754?
1
What is the hundreds digit of 2647462?
4
What is the hundreds digit of 1105811?
8
What is the units digit of 11857956?
6
What is the units digit of 649507?
7
What is the ten thousands digit of 89653?
8
What is the tens digit of 1441031?
3
What is the millions digit of 4066377?
4
What is the hundred thousands digit of 627261?
6
What is the hundred thousands digit of 6383471?
3
What is the millions digit of 6790466?
6
What is the units digit of 2188945?
5
What is the hundreds digit of 194281?
2
What is the tens digit of 1588166?
6
What is the millions digit of 13241054?
3
What is the hundreds digit of 990?
9
What is the hundreds digit of 648508?
5
What is the units digit of 26212?
2
What is the tens digit of 1524398?
9
What is the tens digit of 1898841?
4
What is the millions digit of 3451344?
3
What is the millions digit of 2020713?
2
What is the millions digit of 7404805?
7
What is the units digit of 206431?
1
What is the units digit of 3458133?
3
What is the millions digit of 3643826?
3
What is the ten thousands digit of 766118?
6
What is the hundred thousands digit of 8373669?
3
What is the thousands digit of 14924376?
4
What is the millions digit of 6469405?
6
What is the ten thousands digit of 2664080?
6
What is the ten thousands digit of 106518?
0
What is the hundreds digit of 766101?
1
What is the hundred thousands digit of 220085?
2
What is the ten thousands digit of 472002?
7
What is the ten thousands digit of 99771?
9
What is the hundred thousands digit of 1800206?
8
What is the ten millions digit of 26048321?
2
What is the units digit of 30420137?
7
What is the thousands digit of 168793?
8
What is the tens digit of 14326092?
9
What is the hundreds digit of 8416350?
3
What is the ten thousands digit of 61759?
6
What is the tens digit of 202629?
2
What is the tens digit of 522735?
3
What is the hundred thousands digit of 107800?
1
What is the ten thousands digit of 53346?
5
What is the ten thousands digit of 4020350?
2
What is the units digit of 1055372?
2
What is the tens digit of 1457433?
3
What is the ten millions digit of 11161109?
1
What is the hundred thousands digit of 226853?
2
What is the tens digit of 7649357?
5
What is the hundred thousands digit of 37566983?
5
What is the hundred thousands digit of 265179?
2
What is the hundreds digit of 27935?
9
What is the tens digit of 1603688?
8
What is the tens digit of 4169793?
9
What is the hundreds digit of 158921?
9
What is the hundred thousands digit of 22110808?
1
What is the tens digit of 409770?
7
What is the hundred thousands digit of 441280?
4
What is the hundreds digit of 219637?
6
What is the millions digit of 2231219?
2
What is the hundred thousands digit of 15303260?
3
What is the millions digit of 4229820?
4
What is the hundreds digit of 40810715?
7
What is the hundreds digit of 4621590?
5
What is the hundreds digit of 11942209?
2
What is the hundred thousands digit of 2445463?
4
What is the hundreds digit of 384900?
9
What is the ten millions digit of 23138574?
2
What is the hundred thousands digit of 1828947?
8
What is the hundreds digit of 1444003?
0
What is the hundred thousands digit of 593231?
5
What is the units digit of 121916?
6
What is the tens digit of 4789745?
4
What is the tens digit of 2526236?
3
What is the tens digit of 3093329?
2
What is the ten thousands digit of 325393?
2
What is the ten thousands digit of 13684999?
8
What is the millions digit of 1671228?
1
What is the hundreds digit of 294983?
9
What is the tens digit of 5934013?
1
What is the ten thousands digit of 491311?
9
What is the tens digit of 84677?
7
What is the ten thousands digit of 589154?
8
What is the ten thousands digit of 22293799?
9
What is the units digit of 1099231?
1
What is the hundreds digit of 197540?
5
What is the hundreds digit of 307563?
5
What is the hundred thousands digit of 2126218?
1
What is the units digit of 14641289?
9
What is the ten thousands digit of 363596?
6
What is the ten thousands digit of 67487?
6
What is the thousands digit of 3397958?
7
What is the tens digit of 256820?
2
What is the hundreds digit of 785045?
0
What is the tens digit of 538429?
2
What is the millions digit of 8389325?
8
What is the tens digit of 440197?
9
What is the ten thousands digit of 1519060?
1
What is the tens digit of 748364?
6
What is the units digit of 2650258?
8
What is the ten thousands digit of 560901?
6
What is the hundred thousands digit of 336431?
3
What is the tens digit of 415662?
6
What is the hundreds digit of 743758?
7
What is the hundreds digit of 591774?
7
What is the thousands digit of 9970585?
0
What is the millions digit of 8234437?
8
What is the thousands digit of 195150?
5
What is the hundreds digit of 4200453?
4
What is the ten thousands digit of 1896556?
9
What is the hundred thousands digit of 1485589?
4
What is the tens digit of 5336894?
9
What is the tens digit of 2200074?
7
What is the units digit of 145585?
5
What is the ten thousands digit of 7955200?
5
What is the hundreds digit of 255867?
8
What is the hundreds digit of 25816826?
8
What is the tens digit of 1606562?
6
What is the hundreds digit of 245542?
5
What is the hundreds digit of 207413?
4
What is the hundred thousands digit of 25008774?
0
What is the hundred thousands digit of 11188363?
1
What is the hundreds digit of 405220?
2
What is the thousands digit of 10469751?
9
What is the hundred thousands digit of 309946?
3
What is the ten thousands digit of 348208?
4
What is the hundreds digit of 751299?
2
What is the ten thousands digit of 10445?
1
What is the hundred thousands digit of 151663?
1
What is the thousands digit of 495170?
5
What is the tens digit of 490859?
5
What is the thousands digit of 2774005?
4
What is the thousands digit of 89817?
9
What is the hundreds digit of 58154?
1
What is the thousands digit of 16509409?
9
What is the hundreds digit of 910235?
2
What is the thousands digit of 2316591?
6
What is the units digit of 1942363?
3
What is the ten thousands digit of 603871?
0
What is the millions digit of 12726395?
2
What is the ten thousands digit of 14007880?
0
What is the tens digit of 276612?
1
What is the hundreds digit of 327475?
4
What is the thousands digit of 665993?
5
What is the hundred thousands digit of 101647?
1
What is the tens digit of 231591?
9
What is the ten thousands digit of 3671607?
7
What is the units digit of 4725028?
8
What is the hundreds digit of 571442?
4
What is the hundred thousands digit of 1012902?
0
What is the tens digit of 384993?
9
What is the hundred thousands digit of 3045004?
0
What is the ten thousands digit of 3742547?
4
What is the hundreds digit of 33409427?
4
What is the hundred thousands digit of 148778?
1
What is the thousands digit of 254212?
4
What is the hundred thousands digit of 958877?
9
What is the ten thousands digit of 1035443?
3
What is the units digit of 623384?
4
What is the tens digit of 246133?
3
What is the millions digit of 22655086?
2
What is the units digit of 7313976?
6
What is the millions digit of 2013296?
2
What is the units digit of 885898?
8
What is the units digit of 241129?
9
What is the hundred thousands digit of 167153?
1
What is the thousands digit of 55600?
5
What is the hundred thousands digit of 324511?
3
What is the tens digit of 116529?
2
What is the hundred thousands digit of 1673101?
6
What is the thousands digit of 11447?
1
What is the millions digit of 24710071?
4
What is the ten thousands digit of 761239?
6
What is the hundreds digit of 6462390?
3
What is the hundreds digit of 145966?
9
What is the hundreds digit of 519184?
1
What is the thousands digit of 68807?
8
What is the millions digit of 4985119?
4
What is the units digit of 2970733?
3
What is the hundreds digit of 62151?
1
What is the thousands digit of 3512110?
2
What is the millions digit of 4622327?
4
What is the tens digit of 7281877?
7
What is the tens digit of 288237?
3
What is the tens digit of 31408?
0
What is the units digit of 330928?
8
What is the tens digit of 2140646?
4
What is the ten thousands digit of 52068?
5
What is the tens di